
3
Let q(n) = 6*n**2 + n + 1. Let f be (-4)/((1 + 2)/(-3)). Suppose -3*t = 3, -f*z - t + 10 = t. Suppose 4*p = 2*i + 3*p + z, 1 = 2*i + 3*p. Give q(i).
6
Let w(p) = p**3 - 7*p**2 + 8*p - 7. Let n(z) be the first derivative of z**4/4 - 7*z**3/3 - 3*z**2 - 10*z - 4. Let u be n(8). Give w(u).
5
Let o(f) = -4*f**3 - 6*f**2 - 4*f - 2. Let w(m) = -3*m**3 - 6*m**2 - 3*m - 2. Let r(y) = 2*o(y) - 3*w(y). What is r(-6)?
-4
Let o(s) = s - 3. Suppose 2*y = -4 + 2. Let t be (-39)/12 + y/(-4). Let f be ((-5)/4)/(t/12). What is o(f)?
2
Let i(r) = r**3 + 2*r**2 + 1. Let o(c) = 3*c**3 - 2*c + 1. Let p be o(1). Suppose -p*d + 0*d - 6 = 0. Give i(d).
-8
Let g(n) be the second derivative of -n**5/10 + n**3/3 + n**2/2 - 10*n. Calculate g(-2).
13
Let g(b) = 4*b**2 - 5*b + 1. Let d(x) = -x**2 + x. Let r(j) = 5*d(j) + g(j). Let w = -3 - -5. Determine r(w).
-3
Let k(j) = -j**3 - 518*j**2 + 5 + 520*j**2 - 3. Calculate k(3).
-7
Suppose 2*z + 2 = -0*z. Let u(x) = x**2. Let g be 1 + -2 + 3 + 1. Let c(i) = -4*i**2 - i + 1. Let a(k) = g*u(k) + c(k). Determine a(z).
1
Let s(r) = -r**2 + 6*r - 12. Let y be s(6). Let n be 5 + y/4 - 0. Let v(t) = t**3 - t**2 - 2*t + 2. Determine v(n).
2
Let j = 28 - -16. Suppose j = s + 3*s. Suppose 3*d = -s - 1. Let y(o) = 2*o. What is y(d)?
-8
Let t be (3 + (-16)/4)*-5. Let p be (-6)/(-1) - (2 - 2). Let g(u) = 7*u - 2*u + u**3 - p*u**2 + u - 1. Determine g(t).
4
Let r be (-3 + 3)/(2/2). Suppose r = 5*g + 5 - 25. Let i(u) = g + 2 - 3*u - 5. Determine i(-2).
7
Let j(t) = t + 9. Let u = -28 + 35. Let a = -11 + u. Give j(a).
5
Let q(z) = -2*z + 1. Let o = -12 + 11. Calculate q(o).
3
Let c(z) be the first derivative of 1/2*z**3 + 0*z - 1 + z**2 + 1/12*z**4 + 1/120*z**6 + 1/20*z**5. Let i(n) be the second derivative of c(n). Determine i(-2).
3
Let d be 7 - (3 - 3/3). Suppose 16 = d*r + y, -5*r - 4*y = -0*y - 4. Let h = 7 - r. Let k(p) = p + 1. Determine k(h).
4
Let d(y) be the third derivative of y**6/120 + y**5/60 - y**4/24 - 11*y**3/6 - 2*y**2 + 2. What is d(0)?
-11
Let w(q) = q**2 + 4*q - 4*q**2 + 4*q**2 + 0*q - 2. Give w(-6).
10
Let s(a) = -5*a - 1. Let u be s(-1). Let q(z) = z**2. Let i(t) = -t**3 + 10*t**2 - 7*t + 4. Let l(f) = i(f) - 5*q(f). Calculate l(u).
-8
Let o(j) = 17*j**2 + 6*j - 33*j**2 - 1 + 15*j**2. What is o(6)?
-1
Suppose -12 = -2*l + 5*l. Let d(c) = c. Let s(x) = 3*x + 3. Let w(f) = d(f) - s(f). Calculate w(l).
5
Let k(j) = -j**2 + 1. Let x(g) = 4*g**2 + 10*g + 8. Let z(t) = 3*k(t) + x(t). Let p be z(-8). Let l(b) = b**3 + 5*b**2 + 3*b + 6. Determine l(p).
-9
Let v(c) be the second derivative of -c**5/24 + c**4/12 - c**3/6 - 2*c. Let k(q) be the second derivative of v(q). Calculate k(2).
-8
Let u = -4 + 6. Let j(t) = t**3 - 2*t**2 + 2*t + 2. Give j(u).
6
Let m(d) be the second derivative of d**5/20 - d**4/3 - 2*d**3/3 - d**2 - d. Let p be 4/1 + (-3)/(-15)*5. Determine m(p).
3
Let i(h) = -h**3 + 7*h**2 + h + 6. Let j(f) = f**3 - 8*f**2 - 2*f - 6. Let s(k) = 3*i(k) + 2*j(k). Determine s(5).
1
Let c(p) be the first derivative of -p**4/4 - 5*p**3/3 + p**2 - 4*p - 22. What is c(-5)?
-14
Let t(r) = r**3 + 4*r**2 - 4. Let w be t(-4). Let m(o) be the second derivative of -1/3*o**3 - 3/2*o**2 + 0 - o. What is m(w)?
5
Let j(q) be the first derivative of 7*q**3 - 10. Determine j(-1).
21
Suppose -28 = -6*v - 4. Let z(n) = -n**2 + 3*n + 5. Calculate z(v).
1
Let s(q) = q**3 - 4*q**2 + 2*q + 2. Let d = 9 + -6. Suppose -h = d*h. Suppose 0 = -3*l - h*l + 9. Calculate s(l).
-1
Let v(r) = 0 + 8 - 1 - 5*r**2 + r**3 - 8*r. Let k(t) = -19*t + 6. Let y be k(0). What is v(y)?
-5
Let z(o) = -o**3 + 15*o**2 + o + 6. Let k(f) = -3*f**3 + 31*f**2 + 2*f + 12. Let a(v) = -2*k(v) + 5*z(v). Determine a(-13).
-7
Let n(d) = 4 - 3*d + 0 - 2 - 4. Calculate n(-3).
7
Let l(f) = 4*f - 1. Let j(p) = -p - 1. Let c(d) = -3*j(d) - l(d). What is c(0)?
4
Suppose -3*b = -3*y - 6, -b - 4*b - 20 = 0. Let m(h) = -3*h - 8. What is m(y)?
10
Let i(k) = k**2 + 4*k + 1. Let s = -11 + 7. Let q be i(s). Let t(p) = 13*p - 1. What is t(q)?
12
Let w(s) = -8*s**2 - 3*s + 5. Let g(d) = -17*d**2 - 6*d + 11. Let n(j) = 6*g(j) - 13*w(j). Let o = -7 + 5. What is n(o)?
3
Let i(g) = g. Let o(m) = -3*m. Let a(l) = 8*i(l) + 3*o(l). Determine a(3).
-3
Let n(m) be the first derivative of -2*m**3 - 3*m**2/2 - 36. Calculate n(-2).
-18
Let h(b) = -101*b**2 - 97*b**2 + 199*b**2 + 1. Let u = 6 + -5. What is h(u)?
2
Let d(p) = p**3 + 4*p**2 + 2*p - 1. Let a be d(-2). Let w(c) = -3*c**a + 0*c**3 + 2*c**3 - 2 + 4*c - 4*c**2. Let i = -7 + 2. Determine w(i).
3
Let x = -4 + -9. Let t = x - -9. Let s(r) = -2*r + 5 - r + 4*r. Give s(t).
1
Let q(g) = -g**2 + 8*g - 8. Suppose 3 - 15 = -2*z. Let t be q(z). Let j(c) = 4 + 5*c - 1 - t*c. Determine j(-5).
-2
Let v(m) = 4*m + 5. Let r(t) = 5*t + 5. Let l(k) = -5*r(k) + 6*v(k). Let u be (-4)/(-6) - 12/(-9). Let z be 2*1 - (-1 - u). What is l(z)?
0
Let d(i) = 2*i. Let j(w) = -3*w. Let r(k) = -4*d(k) - 3*j(k). Give r(2).
2
Let r(b) be the second derivative of b**5/20 - b**4/6 - 7*b**3/6 + 5*b**2/2 - b. Determine r(4).
9
Let t(c) = 6*c + 6. Let a(v) = v. Let m(f) = 5*a(f) - t(f). Let n = -3 - 0. Let q be m(n). Let h(g) = -g**2 - g + 3. What is h(q)?
-3
Let n(o) = -o**3 + 9*o**2 - 8*o. Let g = -16 - -16. Suppose -4*m = -2*k, 28 = 3*k - g*k + m. Calculate n(k).
0
Let g(d) = 3*d**2 + 5*d + 2. Let c(u) = -u + 2*u + u**2 + 1 + 3*u - u. Let b(t) = -5*c(t) + 2*g(t). Let x be (-44)/(-10) + 2/(-5). Give b(x).
-5
Suppose s + 2*k - 7 + 1 = 0, -3*s + 4*k = -8. Let g(w) = w - 4. Determine g(s).
0
Let k(b) = b**3 + 6*b**2 - 8*b - 6. Let u be (-2)/(-2) + (1 - 9). Let m be k(u). Suppose 0 = -t - m. Let p(n) = 6*n**3 - n**2 + n + 1. Determine p(t).
-7
Let p(w) = 10 - 7 - 2*w - w. Determine p(3).
-6
Suppose 5*v + 11 = 1. Let m be (-3)/(-12) - v/(-8). Let s(b) = 2*b + 3. Let g(l) = -5*l - 5. Let j(z) = -3*g(z) - 7*s(z). Give j(m).
-6
Suppose 20 = -3*t - 2*j, 2*j = -3*t + 6*t + 16. Let p(o) = o + 3. Calculate p(t).
-3
Let v(l) = l**2 - l - 3. Let d(z) = -z**3 - z**2 + 1. Let a = -2 - -4. Let b be d(a). Let u = 15 + b. Calculate v(u).
9
Suppose 2*u + 4 = 4*u. Let f(i) = 7*i - 3. What is f(u)?
11
Let k(j) = 23*j**3 - 3*j - 3. Let v be (-8)/6*3/(-2). Let m(u) = -2*u**2 + u + 1 + v*u**2 - 8*u**3. Let g(r) = -3*k(r) - 8*m(r). Calculate g(-1).
5
Let u(g) = -2*g - 7. Suppose 7*y = 2*y - 30. Give u(y).
5
Let s(r) = -4*r**2 - r - 1. Let x(c) = c**2 - 4*c + 3. Let b(u) = u**2 - 10*u + 13. Let k be b(9). Suppose 4*p - 4 = k. Let v be x(p). What is s(v)?
-4
Suppose -u + 4*f - 1 = 0, -u = 3*u + 2*f - 14. Suppose -j + u + 2 = 0. Suppose -j*a - 17 - 8 = 0. Let y(d) = d + 3. What is y(a)?
-2
Let l(b) = 3*b. Let a be l(-3). Let m(n) = -n**2 - 8*n + 13. Let t be m(a). Let i(z) = -z + 5. Determine i(t).
1
Let v = 5 - 3. Let i(s) = -v*s**2 - 2*s**3 - 2*s**2 - 1 - 4*s + 3*s**3. Calculate i(5).
4
Suppose d + 1 = 2*d. Suppose 5*j + 8 = 2*u, 0*j = 3*j - 5*u + 20. Let y(r) = -5*r**3 + 2*r + j*r**3 - 1 - r**2 + r**3. Calculate y(d).
-4
Let u(h) = h + 6. Suppose 2*d = 5*d. Let c(a) = a + 4. Let g be c(d). Suppose -2*b + 12 = -l, 0 = b - g*b + 9. What is u(l)?
0
Let f(u) = u - 1. Let h be f(5). Suppose 9 - 25 = -h*i. Let t(d) = 3*d - 5. Determine t(i).
7
Let x(o) = -o + 2. Let z be 9/18 + (-9)/(-2). What is x(z)?
-3
Suppose 0 = -3*f + 5*u - 35, -4*f - 4 = 3*u + u. Let c(y) = -y**3 - 4*y**2 + 6*y + 1. What is c(f)?
-4
Let a(h) be the second derivative of -h**7/504 - h**6/720 + h**4/6 + 2*h. Let r(x) be the third derivative of a(x). Suppose 2*d = -2*d - 4. Give r(d).
-4
Suppose 0 = 2*i - 8, 2*i + 5 + 7 = 5*v. Let q(l) = -l + 7. What is q(v)?
3
Suppose l = -2*l - o + 12, -4*o = 4*l - 8. Suppose l*x - 2*x - 15 = 0. Let q(p) = p**3 - 3*p + 5 - 4*p + x*p**2 + 2*p - p. Determine q(-6).
5
Let t(k) be the first derivative of 1 - 5*k - 1/2*k**2. Calculate t(-5).
0
Let f(h) = -h**3 + 5*h**2 - 2*h. Suppose 0 = -0*q - 2*q + 4. Let u be f(q). Let z(v) = 4 - v + 2*v + v**2 - u*v. Calculate z(5).
-6
Let g(y) = 2*y**2 - 3*y + 2. Let r be g(2). Suppose -c = 3*c + 4*n + 16, -r*c - 12 = 2*n. Let x(v) be the first derivative of v**2 + 86. Give x(c).
-4
Let j(s) = 5*s. Let g be (-3)/(-2)*(-28)/6. Let z = -6 - g. Determine j(z).
5
Let j = -4 - -6. Suppose -s = -0 - j. Let b be s/6*3 - -4. Let n(q) = -q**3 + 4*q**2 + 5*q + 1. Give n(b).
